)?
9
Let a be (-1)/(36/(-20) - -2) - -9. Let j be (4/3)/((-10)/(-15)). Suppose -4*c + v = -105, -a*c + j*v + v = -99. What is the units digit of c?
7
Let c be 18/99 - 218/(-11). Suppose 3*h - 2 = -c. What is the hundreds digit of (9/(-3))/((h/(-82))/(-3))?
1
Let p(w) = 4858*w**2 + 525*w + 2110. What is the ten thousands digit of p(-4)?
7
Let d(o) = 36*o**2 + 24*o + 183. What is the units digit of d(-15)?
3
Let g = -4 + -12. Let n(t) = -32*t - 254. What is the hundreds digit of n(g)?
2
Suppose 5*j - 18 = -y, -y + 5*j = -4*y + 24. Suppose y*l = 8*l - 415. What is the tens digit of l?
8
Let u(x) = x**3 - 17*x**2 - 156*x + 52. What is the units digit of u(25)?
2
Suppose -4*n - 2*f - 2683 = -3*f, n - 4*f = -667. Let w = n - -1032. What is the hundreds digit of w?
3
Let m(v) = 47056*v**3 + 56*v - 56. What is the ten thousands digit of m(1)?
4
Let u(b) = 10*b**2 + 81*b + 276. What is the thousands digit of u(-31)?
7
Let v = 8278 - -23920. What is the hundreds digit of v?
1
Let l be (-225)/(-375)*(134 + 1 + 0). What is the units digit of 40/(((-6)/l)/(-1))?
0
Let q = 44 - 41. Suppose -j = 3*b + 5, -q*b - 7 = j + j. What is the units digit of 15/5 - (-5 - j)?
6
Let t(o) = 196*o - 2563. What is the tens digit of t(16)?
7
Suppose 14*y - 33 - 37 = 0. Suppose u + 1558 = 6*u + 2*s, -y*u + 1557 = 3*s. What is the tens digit of u?
1
Suppose 0*i = -4*i + 284. Suppose -2 = 3*r - i. Suppose -5*k = 2*b + r, 4*k = -5*b + 4*b - 19. What is the units digit of b?
1
Suppose -24*r + 11448 = -6*r. What is the tens digit of r?
3
What is the hundreds digit of 4*3 - (-11408 + -93)?
5
Suppose -24 = -3*p - 15. Let v = 165 + p. Suppose 3*j = 3*u - 6*u + v, -162 = -3*u + 3*j. What is the units digit of u?
5
Let o(l) = 3*l + 27. Let y(m) = 28. Let n(z) = -6*o(z) + 5*y(z). What is the hundreds digit of n(-10)?
1
What is the tens digit of (((-99)/22)/(-9))/((-2)/(-5156))?
8
Let z(a) = -2*a + 44. Let y be z(24). What is the tens digit of ((-582)/y)/(8/16)?
9
Let y be 1905/6*(-48)/60. Let v = y + 293. What is the tens digit of v?
3
Let a be (-48)/(-112) + (-3)/7. Suppose 8*p - 41*p + 51711 = a. What is the units digit of p?
7
What is the thousands digit of (344/(-1204))/(3/(42/(-4))) - -22124?
2
Let x be 24*35/84*3. Suppose x*t + 944 = 32*t. What is the hundreds digit of t?
4
Let h(a) = -4*a**2 - 7*a + 2 + 6*a - 3*a**3 + 4*a**3. Let u be h(4). What is the units digit of (u/4)/((-2)/88)?
2
Let c(x) be the first derivative of x**4/4 + 3*x**3 + 3*x**2/2 - 4*x - 26. What is the units digit of c(-6)?
6
What is the ten thousands digit of (35/5 - 6) + -56*529/(-2)?
1
Let z = 138 - -222. Suppose -5*i + 5*c + 370 = 0, -5*i - c = 4*c - z. What is the units digit of i?
3
Let u be (4/(-12) + 3/9)/(-2). Suppose m = -u*m - 3*m. Suppose -h = 3*a - 91, h - 107 = -m*h + a. What is the units digit of h?
3
Suppose 35515 + 24218 = 9*i. What is the thousands digit of i?
6
Let s(m) be the second derivative of -4*m**3/3 - 11*m**2 + 7*m. Let p be s(-3). Suppose p*x = -2*t + 284, 4*x - 584 = -0*t + 4*t. What is the tens digit of x?
4
What is the units digit of 35428/(513/45 + -11)?
0
Suppose 180899*l - 633450 = 180889*l. What is the thousands digit of l?
3
Let j(w) = -w**3 + 6*w**2 - 5*w - 5. Let l be j(6). Let p = l + 41. What is the tens digit of p/(-21)*(1 + -218)?
6
Suppose -3038966 = -287*t + 6231708. What is the tens digit of t?
0
Suppose 32*o = 33*o - 381. Let b = 271 - 505. Let g = o + b. What is the hundreds digit of g?
1
What is the thousands digit of (-12 + (-260)/(-15))*(1798 + -1)?
9
Let p(n) = -n**3 - 6*n**2 - 7*n - 7. Let h be p(-5). Suppose 1158 = 5*j - j + k, 6 = -h*k. Let i = j + -131. What is the hundreds digit of i?
1
Let s(m) = 150*m**3 - 16*m**2 + 35*m - 1. What is the hundreds digit of s(2)?
2
Let s = -11510 - -18042. Suppose -5*d - u = -2193 - s, 4*d = -5*u + 6980. What is the hundreds digit of d?
7
Let o(f) = 2*f + 12. Let a be o(-5). Suppose -a*r - 2*h = -0*r - 10, 0 = r - 2*h - 2. What is the tens digit of (14/r + -2)*1164/18?
9
Suppose -3*w + 2*f = -7605 - 809, -w + 2804 = -f. What is the tens digit of w?
0
Let d = -62492 + 105910. What is the ten thousands digit of d?
4
Let o(s) = 3060*s**3 + s**2 + 115*s - 230. What is the thousands digit of o(2)?
4
Let f(z) = 115*z - 24. Let v be f(9). Let u = v - 675. Suppose -3*o + u = -3*s, o + 6*s - 116 = 8*s. What is the hundreds digit of o?
1
Suppose h = 12*w - 9*w + 13717, 0 = -5*h + 4*w + 68662. What is the hundreds digit of h?
7
Let x be 1/2 - 1 - 368/(-32). Let o(h) = 6*h**2 + 15*h - 31. Let g be o(x). Suppose 5*i = -0*i + g. What is the tens digit of i?
7
Let w(k) = -12*k + 24. Let x = -18 - -9. What is the tens digit of w(x)?
3
Suppose -16854 = -2*j + 4*g, 4*j - 1576*g - 33696 = -1580*g. What is the units digit of j?
5
Suppose -4*t = -200 - 264. Let k be (-241 - -242) + (2 + -2 - -296). Let f = k - t. What is the units digit of f?
1
Suppose 9*m = -7*m + 80. Suppose 2*g + 4*r = -2, 37 = m*g - 10*r + 6*r. Suppose 3*d - 540 = g*w + 114, 0 = -3*w + 9. What is the hundreds digit of d?
2
Let x(n) = -n**3 + 5*n**2 - n - 3. Let d be x(2). Suppose 3*m - 4*c - 477 = 0, 0 = -4*m + 9*c - d*c + 636. What is the units digit of m?
9
Let u(p) = -8*p + 12 + p**3 + 0*p**3 - 9. Let d be u(3). Let h = d - -22. What is the units digit of h?
8
Suppose -45*d + 38*d + 19432 = 0. Let s = 4293 - d. What is the units digit of s?
7
Suppose -3*r - b = -7 - 11, 12 = 2*r + 5*b. Let f be -1 + (10 - (r - 2)). Suppose -f*s - 2*w + 144 = 0, 0 = -4*w + 2*w + 4. What is the units digit of s?
8
Suppose 643*z = 629*z + 1778. What is the units digit of z?
7
Let w(f) = -52*f + 52. Let o = -117 - -107. What is the units digit of w(o)?
2
Let i(u) = -u**3 + 33*u**2 + 68*u + 72. Let t be i(35). Suppose 4*a - 1998 = -3*j - a, 0 = 3*j + t*a - 1989. What is the hundreds digit of j?
6
What is the units digit of (93/465 + 298/10)*(-7666)/(-4)?
5
Let v = 2548 - -14247. What is the units digit of v?
5
Suppose b + 5 = t, -4*b - 2 - 12 = -t. Let a be 1/(-3) + (-13)/b. What is the tens digit of ((-715)/(-10) - 1)*a/6?
4
Suppose -339057 = -146*i - 19901. What is the units digit of i?
6
Suppose -4 = q - 2*q, 0 = -5*s + 5*q + 215. Let x(o) = -4*o**2 + 31*o - 48. Let a be x(5). Suppose 2*k + a = s. What is the units digit of k?
0
Suppose 2*w = -7*w + 99. Let n = w + 5. Suppose 1145 = n*v - 11*v. What is the units digit of v?
9
Suppose 6359499 = 311*d - 924743. What is the units digit of d?
2
Let h be 1/((((-48)/(-54))/(-4))/(-734)). Suppose 10*u - 15*u + 4*b = -h, -1987 = -3*u + 5*b. What is the tens digit of u?
5
Suppose 145*f - 147*f = 5*l - 62350, 4*l + f = 49883. What is the ten thousands digit of l?
1
Let c be 0 + 4 + -1 + -1696. Let g = c + 2687. Suppose 0 = -14*m + g + 1540. What is the units digit of m?
1
Suppose 5*r = -31 - 39. What is the units digit of (5/7 - 1) + (-3910)/r?
9
Suppose -3*s + 9 = 0, 4*o + o + 3*s = 11519. Suppose 4730 = 6*q - o. What is the units digit of 3/(-15) - q/(-10)?
7
Let p = 3721 + 17620. What is the thousands digit of p?
1
Suppose -31*a + 370690 + 102590 = 3*a. What is the ten thousands digit of a?
1
Suppose -b = -6*b + 11504 + 4796. What is the hundreds digit of b?
2
Let a(s) = -20*s - 24. Suppose 5*y = 57 - 7. Let w be a(y). Let o = w + 331. What is the tens digit of o?
0
Let d = 109 + -40. Let n = -71 + d. What is the units digit of (-4*(-3)/(-24))/(n/388)?
7
What is the ten thousands digit of -7184*(4 - (-551)/(-76))?
2
Suppose 123*r - 16458511 + 1671663 = -211*r. What is the tens digit of r?
7
What is the hundreds digit of (-15)/(-30)*(-295090)/(-2 + -3)?
5
Suppose -c = 3*i - 1428 - 481, -4*c - 2*i + 7586 = 0. Let d = c + -2925. What is the tens digit of 8/(-28) + d/(-7)?
4
Suppose -5*a = i - 4994, -a - 4*i = -5*i - 994. Suppose 3*g - a = 1159. What is the tens digit of g?
1
Let c = 88 + -84. Suppose 0*r - d - 333 = -r, -1004 = -3*r + c*d. Suppose 5*m - 3*p = -0*p + r, m + 2*p = 63. What is the tens digit of m?
6
Let q(b) = -195*b**3 - 10*b**2 + b + 19. What is the hundreds digit of q(-3)?
1
Let x(c) = -4*c**2 - 14*c - 8. Let s be x(-5). Let p = 38 + s. Suppose -3*b + 40 - 1 = p. What is the units digit of b?
3
Let w(i) = 5*i**2 + 5*i - 9. Let f be w(-8). Let x = f - -73. What is the tens digit of x?
4
Let j(t) = -1339*t**3 + 71*t + 200. What